 l(o) = 17*o**3 + 7*o**2 - 6*o**2 - 5*o - 67*o**3 - 1 + 4. Let a be l(1). Let i = -33 - a. Calculate the highest common factor of i and 18.
18
Let c = -41 + 44. Suppose -7*k + c*k + 160 = 0. Suppose 4*b = 5*s - 96, s + 4*b - 25 = -b. Calculate the greatest common factor of k and s.
20
Suppose -7*v - 261 = -1927. Suppose 11*m = 4*m + v. Let i be 0 - (7 + -4 + -377). What is the greatest common factor of m and i?
34
Let m be (-2)/(-3) + (-25)/30*-106. Let r = -89 + m. Suppose r = 6*n - 17*n + 77. Calculate the greatest common divisor of n and 1.
1
Let p be -4*((-3)/6 + 0). Suppose -v = -3*f + 6*f + 5, 4*f = p*v - 30. Suppose 44*m + 725 - 1085 = 2104. What is the greatest common factor of v and m?
7
Suppose 0 = -l + v + 1119, -3*v + 2169 + 99 = 2*l. Calculate the greatest common divisor of l and 1485.
45
Suppose -2*c - 33 = 4*c - 105. What is the highest common divisor of c and 366?
6
Let h = 57 + -37. Let j = 115 - 97. Let n be 10*j/45*10/4. What is the greatest common factor of n and h?
10
Let i = 377 - 193. Let k(z) = 3*z**3 + 26*z**2 - 13*z - 13. Let u be k(-9). What is the greatest common divisor of i and u?
23
Suppose 0 = -4*k + 24, 3*f + 1781*k - 252 = 1784*k. What is the highest common divisor of f and 40?
10
Let i(f) be the first derivative of -13*f**2/2 + 164*f + 83. Let h be i(3). Calculate the greatest common factor of 100 and h.
25
Let b(i) = -i**3 - 5*i**2 - 4*i + 5. Let a be b(-3). Let j be a/((-6)/(-6))*-1. Calculate the greatest common factor of 8 and j.
1
Let s be 15*((-56)/(-5) - 232/(-29)). What is the greatest common divisor of s and 3384?
72
Let j = 3370 - 3110. Calculate the highest common factor of 12 and j.
4
Let k be -857*((-900)/(-12))/(-5). What is the greatest common factor of k and 30?
15
Suppose 16*p + 54 = -11*p. Let t be (-12)/p - (-62 - -62). What is the highest common factor of 66 and t?
6
Let z(t) = -85*t + 1. Let a be z(-2). Let f = 60094 - 60058. What is the highest common divisor of a and f?
9
Let u be -3*1 + 2295/15. Suppose -11*b + 4 = -u. What is the highest common divisor of b and 266?
14
Suppose -b + x - 141 + 172 = 0, 122 = 4*b - 3*x. What is the greatest common factor of b and 2262?
29
Let z(u) = 2*u**3 - 5*u**2 - 298*u + 891. Let p be z(3). Calculate the highest common divisor of p and 5307.
3
Suppose 12 + 53 = 5*o. Let i be 15/6 + (-5)/(-10) + -1. Suppose 0 = 2*w + i*w + 4*c - 12, 2*c = 4. Calculate the greatest common factor of w and o.
1
Let x(l) = 31*l + 6. Let j be x(10). Let m = j + -180. Let b = m + 24. What is the greatest common divisor of 10 and b?
10
Suppose 4*r = 29*r - 212 - 13. Suppose 2*l - 285 = l + y, 0 = 5*y - 15. What is the highest common divisor of r and l?
9
Let x(j) = -j**2 + 182. Let c be x(0). Let m = -126 + c. Suppose 147*s - 99*s = 384. Calculate the greatest common divisor of m and s.
8
Let s be (-4)/(-3 - (-164)/52). Let g(h) = 5*h**2 + 24*h + 2*h + 13 - 6*h**2 + 2*h**2. Let b be g(s). What is the highest common factor of 104 and b?
13
Let j = -400 - -595. Suppose 852 = 47*g + 241. What is the greatest common divisor of g and j?
13
Suppose 3*z - 370 = -4*c, -128*c + 485 = 4*z - 131*c. Suppose 0 = -3*x - x + 244. Calculate the greatest common divisor of x and z.
61
Suppose 3 = -2*h + 5, 4*h + 1186 = 2*y. What is the greatest common factor of 170 and y?
85
Let z(q) = -5*q + 32. Let g be (2/(-6))/((-10)/180). Let a be z(g). Calculate the greatest common divisor of 50 and a.
2
Let w be 21 - (24/(-18) - 0)*3. Suppose 0 = -3*p + 3*x + 414 + 852, -862 = -2*p - 4*x. Calculate the highest common divisor of w and p.
25
Let f(y) = -5*y**2 - 97*y + 95. Let r be f(-13). Calculate the greatest common factor of r and 292.
73
Let q(g) = -23 + 5 - 53*g + 11. Let k be q(-1). What is the greatest common divisor of k and 299?
23
Let x be ((-65)/(-20))/((-4)/(-64)). Suppose -5*m = 4*q - x, -7*q + 3*q = 3*m - 60. Let j = 33 + -21. What is the highest common factor of j and q?
6
Let j = -982 - -996. Suppose -j*h = -1352 - 1098. What is the highest common divisor of h and 50?
25
Let q = -152 + 167. Suppose 0 = -q*t + 22*t - 35. Let r = -67 + 122. What is the greatest common factor of r and t?
5
Suppose 0*j + 44 = 4*j - 2*h, h = 0. Let o be 86/j + (-12)/(-66). Calculate the highest common divisor of o and 20.
4
Suppose -v - 5*k = -5979, k - 11944 = -2*v - 2*k. What is the highest common factor of 188 and v?
47
Let v be (8/14)/((-2)/(-14)). Let n be (-7)/(v*2/200). Let q = 274 + n. Calculate the highest common factor of 9 and q.
9
Let j be (-3)/7 - 416/(-56). Suppose -a = -j*a + 402. Calculate the highest common factor of 603 and a.
67
Suppose -156 - 139 = -5*h. Suppose 44*l = h*l - 6120. Calculate the highest common divisor of l and 51.
51
Suppose 2*q + 12 = 58*x - 54*x, -3*x = 8*q - 28. What is the highest common factor of 1392 and q?
2
Suppose 16 = 20*t + 9376. Let n be ((-16)/(-10))/(-8) - t/15. What is the highest common divisor of 124 and n?
31
Let t(s) = s**3 - 14*s**2 + 37*s - 104. Let g be t(14). Calculate the highest common divisor of g and 4899.
69
Let q(y) = -83*y**2 - 464*y - 20. Let c be q(-5). Calculate the greatest common factor of c and 1665.
45
Let a(w) = 110*w + 115*w + 11 - 226*w. Let l be a(8). Let q be 4/22 - (l - (-260)/(-22)). What is the highest common factor of q and 9?
9
Let f(d) = -d**3 + 34*d**2 - 9*d + 80. Let i be f(32). Suppose -p + 24*p - i = 0. Calculate the greatest common divisor of p and 10.
10
Let j = -83 - -85. Let l be (j/7)/((-5)/(-175)). What is the highest common factor of 130 and l?
10
Suppose q + h - 30 = 20, 4*q + 3*h = 205. Let t = -20 + 23. Suppose 8 = -2*l, -4*z = -0*z + t*l - 8. What is the highest common factor of z and q?
5
Let f = 12676 + -12675. What is the greatest common divisor of f and 2273?
1
Let t(c) = 77*c**2 + 600*c + 4869. Let x be t(-8). What is the greatest common factor of x and 38?
19
Suppose -3817*y - 89 = -3820*y - q, -2*y = 5*q - 94. Suppose -m - 4*r + 3 = -19, m = -3*r + 18. What is the greatest common factor of m and y?
3
Suppose 1008 = 141*z + 530 - 1778. What is the greatest common factor of 216 and z?
8
Let p = 5 - 3. Suppose -p*f + 231 = c - 5*f, 2*f + 924 = 4*c. Let s(k) = -2*k**2 - 5*k + 318. Let u be s(11). What is the greatest common factor of u and c?
21
Suppose 12*w + 21 + 15 = 0. Let q be w/(-60)*-5 - (-593)/4. What is the greatest common factor of q and 37?
37
Let i = -1878 + 1922. What is the highest common factor of i and 244?
4
Let o be (0 - 4/(-6))*63/42. Suppose 0 = -5*x + 5, 5 = 2*f + 5*x - 50. Calculate the highest common factor of o and f.
1
Let u(m) = -m**2 - 13*m + 170. Let j be u(6). Calculate the highest common factor of 8932 and j.
28
Let q = 143 - 47. Suppose 90*d + 108 = q*d. What is the highest common factor of d and 114?
6
Suppose -31*p + 23*p + 18016 = 0. Suppose -4 = -47*z + p. Calculate the highest common factor of z and 18.
6
Let t(k) = 33*k**2 - 703*k - 37. Let l be t(22). What is the highest common divisor of l and 335?
67
Suppose -5*m - 3661 = 5*p - 8*p, -6113 = -5*p - 3*m. Calculate the greatest common factor of p and 188.
94
Let a(z) = -z**2 - 14*z + 24. Let r be a(-14). Let s(u) = -34*u - 128. Let j be s(-5). Calculate the greatest common factor of j and r.
6
Let g be 294 - ((-9)/6)/(21/(-56)). Let d = -263 + g. Calculate the greatest common divisor of 36 and d.
9
Suppose 0 = -3*n + 59 + 262. Let z = n - 107. Suppose -4*u - 18 = a - 59, z = 4*u + 4*a - 44. What is the highest common factor of 5 and u?
5
Suppose -90 + 445 = 5*w - 410. What is the highest common factor of 423 and w?
9
Let t be 32/72 - (-212)/9. Suppose t*n = 20*n + 492. What is the greatest common factor of 3 and n?
3
Let o be (3 - 0)*8/12. Suppose 4*k + o*j = 0, 0*k - k + 9 = 5*j. Let r(b) = 168*b**2. Let g be r(k). What is the highest common divisor of 21 and g?
21
Suppose 3*t + u - 8446 = 23069, -5*t + 4*u = -52542. What is the greatest common factor of t and 6?
6
Suppose 246*g = 204*g + 27552. What is the highest common divisor of g and 82?
82
Suppose g = -4*b + 3 + 14, 3*b - 2*g + 1 = 0. Let q(w) = -7 + 3*w**3 + 3 + 0*w + b*w + 1 + 2*w**2. Let k be q(2). What is the highest common divisor of 5 and k?
5
Suppose -8063*o + 121296 = -8049*o. Calculate the greatest common factor of o and 114.
114
Let q = -5753 + 8304. 